-3
Suppose -19*t = -27*t - 696. Let n = -89 - t. Let m(d) = -2*d**3 - d**2 + 3*d + 1. Calculate m(n).
7
Let o be (-27*1/(-6))/(99/132). Let b(v) = -v**3 + 5*v**2 + 4*v - 6. Determine b(o).
-18
Let y(a) = 2*a**3 + 8*a - 7*a**3 + 4*a**3 + 4*a**2 + 159 - 190. Calculate y(4).
1
Let j(i) = -8*i - 108. Let d be (44/(-88))/((-2)/(-80)) - -6. Determine j(d).
4
Suppose -15 = 10*i - 15*i. Suppose 2*h - 150 = -f, -423 = -i*f + 2*h + 19. Let t(z) = 149*z + 3 - f*z + 4. Determine t(-5).
2
Let d(s) = 7*s**3 + 25*s**2 + 12*s - 7. Let n(t) = 17*t**3 + 66*t**2 + 24*t - 14. Let l(y) = -5*d(y) + 2*n(y). What is l(5)?
-3
Let c(u) = -8*u**3 + 3*u**2 - 2*u - 3. Let k(x) = 18*x**3 - 7*x**2 + 5*x + 7. Let l(t) = 7*c(t) + 3*k(t). Determine l(0).
0
Let v(i) = 11*i**3 - 42*i**2 + 17*i - 44. Let y(m) = -7*m**3 + 27*m**2 - 11*m + 28. Let c(t) = 5*v(t) + 8*y(t). Calculate c(5).
14
Let p(x) be the third derivative of -x**4/6 - 23*x**3/2 - 71*x**2. Let s be p(-16). Let k(z) = 4*z + 7. What is k(s)?
-13
Let i(z) = -7*z**2 + 0 - 501*z - 3*z**2 + 494*z + z**2 - 16. Determine i(-4).
-132
Suppose 353910 = -12*m + 353958. Let t(n) = 9*n**2 - n - 2. Give t(m).
138
Let j = 2 - -6. Let s(u) = -u**2 - 15*u - 3*u - 22*u - 22*u + 4 + 94*u - 24*u. Calculate s(j).
4
Let i(g) = -16*g**2 - g + 29. Let o(t) = -5*t**2 + 14. Let f(l) = -i(l) + 2*o(l). Let a(d) = d**3 + 2*d**2 + 2*d + 3. Let z be a(-2). Let w = 0 - z. Give f(w).
6
Let t(z) = z + 0*z**3 + 6*z**2 + z**2 - 3*z**2 - 6*z**3. Suppose 53*j - 30 = 59*j. Let s(g) = g**3 - g. Let l(m) = j*s(m) - t(m). Determine l(3).
3
Let d = -25954 + 1557241/60. Let s(y) be the third derivative of 0*y + 0 + 7/24*y**4 - d*y**5 + 31*y**2 - 2/3*y**3. Give s(5).
6
Let n(i) = -19*i**2 + 30*i + 33. Let b(l) = 2*l**2 - 1. Let a(j) = 6*b(j) - n(j). Let q(k) = -11*k**2 + 10*k + 13. Let d(f) = -6*a(f) - 17*q(f). What is d(-9)?
4
Let w(o) = o. Suppose -9*v - 82 = 170. Let l = 29 + v. Let c(g) = 2*g. Let q be c(l). Calculate w(q).
2
Let y(q) = 23 - 168*q + 318*q - 146*q - 2*q**2. What is y(7)?
-47
Let d(i) = -i**2 + 7*i - 316. Let z(q) = -q**2 + 8*q - 315. Let y(c) = -2*d(c) + 3*z(c). Let n(b) be the first derivative of y(b). Calculate n(2).
6
Let c(a) be the second derivative of 2*a**3/3 - 7*a**2 - 5*a + 28. Calculate c(6).
10
Let h(i) = -7*i + 27 + 29 - 14. Let o be h(8). Let k be o*3/(-12)*(-2 - 0). Let g(w) = w + 8. Give g(k).
1
Let q = -46 - -47. Let w be 1/q*(-4)/(-2). Let v(m) = 2*m + 5*m - 5 + 2*m**2 + 4*m**w + 17*m**3 - 18*m**3. Give v(7).
-5
Let r(y) = 8*y - 2 - 1 - y**2 + 4. Let a(n) = n**2 - 98*n - 4480. Let m be a(-34). What is r(m)?
1
Let k(c) = -7*c - 1. Suppose 0 = -9*f + 13*f - 20. Suppose x + i + 5 = f*i, x + 2 = i. Calculate k(x).
6
Let t(s) = 27*s + 1240. Let p(v) = 80*v + 3527. Let d(u) = 6*p(u) - 17*t(u). Determine d(-4).
-2
Let a(w) = -7*w**2 - 5*w + 5*w. Let q(c) = -82*c + 575. Let k be q(7). Determine a(k).
-7
Let j(p) be the third derivative of p**6/360 + p**5/15 + 29*p**3/3 - 3*p**2 + 12*p. Let d(s) be the first derivative of j(s). Determine d(-6).
-12
Let k = 4134 + -4133. Let o(n) = -9*n**3 - n**2 - n + 3. Determine o(k).
-8
Let a = 10 + -9. Let b = 2 - a. Let x(m) = 0*m**2 + 5 - 4 + m**2 - 2*m + m**2. Determine x(b).
1
Let w(n) = 24*n + 69. Let o(q) = 12*q + 34. Let r(j) = -11*o(j) + 6*w(j). Let d be r(-4). Let b(s) = -s - 4. What is b(d)?
4
Let l(w) = w - 5. Let g be l(-13). Let r be 3/(-27) + (-2)/g. Suppose 2 + r = b. Let j(h) = -2*h**2 + h + 2. What is j(b)?
-4
Let x(a) = -5*a**2 - 5*a + 49. Let m(w) = w**2 - 4*w + 1. Let p(i) = 4*m(i) + x(i). Calculate p(-23).
7
Let o(l) = 47*l**3 + 378*l**2 + 14*l - 14. Let b be o(-8). Let f(t) = 25*t**2 + 8*t - 9. Determine f(b).
107
Let k(h) = -8*h + 30. Let v(i) be the second derivative of i**3/3 - 7*i**2/2 - 24*i - 1. Let q(a) = 6*k(a) + 26*v(a). What is q(1)?
2
Let a(h) = 67*h**2 + 3*h + 50*h**2 - 55*h**2 - 38 - 61*h**2 + 13*h. Calculate a(-18).
-2
Suppose 7*q - h - 8 = 6*q, -2*q + 58 = 5*h. Let j(i) = -15*i + 190. Determine j(q).
-20
Suppose -33 + 1 = 4*u + 4*o, u + 28 = -5*o. Let x be 1 + u - (-3 - -4). Let n(v) = -17*v - 44. Let a(d) = -7*d - 17. Let y(b) = 8*a(b) - 3*n(b). Calculate y(x).
11
Let b(j) = -2*j - 7. Let u be b(-2). Let v(m) = m - 6. Let f(k) = -k + 4. Let g(p) = p - 3. Let r(t) = -4*f(t) - 5*g(t). Let s(z) = u*r(z) - v(z). Give s(-7).
-5
Let j be -3 - -2 - -91 - 4. Let t = j - 84. Suppose -14 = t*u - 9*u. Let r(g) = g**2. Calculate r(u).
4
Let i(m) = -m**3 - 5*m**2 + m - 1. Let c = 596 - 597. Let j(u) = -6*u**2 - 3*u - 2. Let r be j(c). What is i(r)?
-6
Suppose 4*m + 40 = 4*c, -m = -5*m - 2*c - 16. Let p be -22 - (m/51 - (-36)/17). Let r be -2 + 54/p + (-2)/(-8). Let i(q) = -q**2 - 7*q - 5. Determine i(r).
7
Let q be 28/(-6) - (44 - 39 - 34/6). Let r(y) = -2*y**2 + 14*y + 86. Give r(q).
-2
Let a(t) = -5*t**2 + t + 144. Let f(h) = -4*h**2 + 3*h. Let b(o) = -a(o) + f(o). What is b(-12)?
-24
Let a(r) = 7*r + 69. Suppose 39*x + 224 = x - 194. Give a(x).
-8
Let j(v) = -5*v + 20. Let z be j(-5). Suppose 5*m - 20 = z. Let o(x) = -2 - 6*x + m*x + 1 - x**2 - 4. Calculate o(6).
1
Let g(p) = 7*p + 6 + 0 - 4 + 3. Let z = -2820 - -2818. Calculate g(z).
-9
Let l(o) = -17*o + 1969 + 1916 - 7363 + 1809 + 1866. Calculate l(12).
-7
Suppose -7408*l = -7412*l - 20. Let s(x) = -2*x**2 + 7*x - 8. Let p(r) = -r**2 + r + 1. Let w(n) = 3*p(n) - s(n). Give w(l).
6
Suppose 2*d = -2*d - 28. Let z be (21 - 13) + (-7 - -1). Let i(n) = -3 + n - 5 + z*n + n**2 + n. Give i(d).
13
Let t(w) be the first derivative of -w**4/12 - 4*w**3/3 + 3*w**2/2 - 52*w + 25. Let n(j) be the first derivative of t(j). Give n(-4).
19
Let f(v) = v**2 - 5 + 4*v - 13*v**2 + 13*v**2. Suppose 5 = -5*a - 0*a. Let h = a + -4. Determine f(h).
0
Let p(z) = 3*z**3 + 17*z**2 - 23*z + 3. Let r(d) = 8*d**3 + 38*d**2 - 49*d + 7. Let a(m) = -5*p(m) + 2*r(m). What is a(6)?
-7
Let c(y) = 4*y**3 - 2*y**2 + y. Let o(a) = 7*a - 2. Let v be o(1). Let k(n) = 21*n + 13. Let w be k(v). Let t = w - 117. Give c(t).
3
Let q be -23 + (-3 + 5)*(-2)/(-1). Let j(a) = -4*a - 20. Let y be j(q). Let d = -53 + y. Let x(u) = -u**3 + 4*u**2 - u - 1. What is x(d)?
5
Suppose -44 = -24*t + 52. Let k(g) = -13 + 4*g - 2*g**2 - 6*g**2 + 10 + 2*g**2 + t*g + g**3. Determine k(5).
12
Let n(r) = r**2 - 10*r + 10. Suppose 0 = -8*y + 3*y - t + 58, 4*t - 52 = -5*y. Suppose -x - 4*o + y = 0, x + 2*o - 18 = -x. What is n(x)?
-6
Let z(t) be the first derivative of t - 3*t**2 - 111 + 7*t + 2*t + 9*t - 3*t. Give z(3).
-2
Suppose -1936 = 24*s - 2008. Let n(t) be the third derivative of 12*t**2 + 0*t - 2/3*t**s + 0 - 1/12*t**4. Determine n(-3).
2
Suppose 36 + 14 - 8 = -6*m. Let i(y) = 100*y + 686. Calculate i(m).
-14
Let h be (-3)/((-12)/280*-10). Let n(k) = -17*k**2 - 37*k - 5. Let w(m) = -6*m**2 - 12*m - 1. Let z(s) = 4*n(s) - 11*w(s). Calculate z(h).
5
Let p(u) = -u**3 - 8*u**2 - 5*u + 2. Suppose -18 = 2*h - 2*g, -333*h = -332*h + 2*g + 3. Give p(h).
-12
Suppose 4*h = z - 8, -5*z - 4*h - 40 = -2*z. Let b(v) = -172*v**2 - v**3 + 3 + 74*v**2 - 7*v + 89*v**2. What is b(z)?
-5
Let i(k) = 104*k**2 + 39*k - 283. Let u(v) = 347*v**2 + 116*v - 849. Let b(n) = 10*i(n) - 3*u(n). Calculate b(34).
-11
Let c(f) = -3*f + 2*f + 6 - 16. Let o be 24/36 - 25/(-3) - 4. Suppose -o*g - 6*m = -10*m + 8, -3*m + 6 = 3*g. Calculate c(g).
-10
Let s(q) = 9*q**2 + 17 - 8*q**2 - 5 - 8*q - 25. Let m(c) = -2*c - 1. Let b(k) = 6*m(k) - s(k). Calculate b(-6).
-5
Suppose -2*f + 3*i = 99, 2*f - 4*f = -5*i + 109. Let q = 76 + f. Let y = q - 31. Let k(p) = p**3 - 4*p + 2. What is k(y)?
17
Let j(l) = -5*l + 170. Suppose -111 = -3*g + 3*r, 3*g - 102 = 14*r - 12*r. What is j(g)?
30
Let f(j) = 0*j - 1734 + j**2 + 5*j + 3466 - 1734. Calculate f(-3).
-8
Let s(x) = 3 - x - 3*x**2 + 2*x**2 - 2*x. Suppose 190 - 135 = -11*m. Let h(v) = -2*v**2 - 25*v - 79. Let t be h(m). What is s(t)?
-1
Let n be ((-6)/8)/(-21*36/336). Let s(u) be the second derivative of 0 - n*u**3 + 1/2*u**2 - 2*u. Calculate s(-5).
11
Let i(y) be the third derivative of -y**5/60 - y**4/8 + y**3/6 - 244*y**2 + y. Let g(a) = 4*a**2 + a + 3. Let u(x) = g(x) + 5*i(x). What is u(-12)?
32
Let u(y) be the third derivative of -y**5/60 + y**4/2 + 13*y**3/6 + 2668*y**2. What is u(14)?
-15
Let s = -184 + 186. Let v(o) = 3*o + 0*o + 1441*o**s - 1 - 1440*o**2. Det